{"id":8,"date":"2024-10-11T10:37:59","date_gmt":"2024-10-11T08:37:59","guid":{"rendered":"https:\/\/oevi.dk\/badminton\/?page_id=8"},"modified":"2025-09-03T11:16:15","modified_gmt":"2025-09-03T09:16:15","slug":"forside","status":"publish","type":"page","link":"https:\/\/oevi.dk\/badminton\/","title":{"rendered":"Forside"},"content":{"rendered":"\n<div class=\"wp-block-group p-0 rounded-lg shadow-md has-base-3-background-color has-background\"><div class=\"wp-block-group__inner-container is-layout-constrained wp-block-group-is-layout-constrained\">\n<h2 class=\"wp-block-heading\"><strong>Velkommen til \u00d8VI Badminton<\/strong><\/h2>\n\n\n\n<p>Vi tilbyder:<\/p>\n\n\n\n<ul class=\"wp-block-list\">\n<li>Et hold for b\u00f8rn og unge i alle aldre. Vi tr\u00e6ner sammen og fors\u00f8ger at differentiere tr\u00e6ningen ift. aldersfordeling og niveau. Det vigtigste for os er, at der er plads til alle og at det er sjovt at g\u00e5 til badminton.<\/li>\n\n\n\n<li>Leje af baner mandag aften, kontakt os for n\u00e6rmere info.<\/li>\n\n\n\n<li>Motionsbadminton hver torsdag formiddag fra 8.30-10.00.<\/li>\n<\/ul>\n\n\n\n<p>Der er desuden mulighed for at pr\u00f8ve kr\u00e6fter med <strong>pickleball<\/strong> &#8211; for alle aldersgrupper. Vil man ha&#8217; sved p\u00e5 panden, kan vi anbefale en singlekamp. Derimod er en double yderst velegnet som opvarmning. Man kan enten spille det p\u00e5 de lave badminton-net eller p\u00e5 de rigtige net, som kan l\u00e5nes ved henvendelse.<br>Se n\u00e6rmere om spilleregler <a href=\"https:\/\/www.youtube.com\/watch?v=nJIq-F4bbXE\">her<\/a>.<\/p>\n\n\n\n<p>Find n\u00e6rmere informationer under menuen &#8220;Vi tilbyder&#8221;.<\/p>\n<\/div><\/div>\n\n\n\n<div style=\"height:10px\" aria-hidden=\"true\" class=\"wp-block-spacer\"><\/div>\n\n\n\n<div class=\"wp-block-lcb-logo-carousel alcb__923337f3 alcb__active_pagination\"><div dir=\"ltr\" class=\"alcb__carousel_container swiper\" data-desktop=\"2\" data-tablet=\"2\" data-mobile=\"1\" data-autoplay=\"true\" data-autoplaydelay=\"3000\" data-autoplaydirection=\"false\" data-speed=\"300\" data-loop=\"true\" data-pauseonhover=\"false\" data-keyboard=\"false\" data-mousewheel=\"false\" data-autoheight=\"false\" data-deskspace=\"5\" data-tabspace=\"20\" data-phonespace=\"10\" data-id=\"alcb__923337f3\" data-pagination=\"true\" data-navigation=\"true\" id=\"alcb__923337f3\"><div class=\"swiper-wrapper\"><div class=\"swiper-slide alcb__logo-item\" style=\"border: 0 solid #333333;border-radius:0px\"><div class=\"alcb__logo-image  alcb__none\"><img decoding=\"async\" data-src=\"https:\/\/oevi.dk\/badminton\/wp-content\/uploads\/2025\/09\/received_6679718096509961-scaled.jpeg\" alt=\"\" id=\"748\" src=\"data:image\/svg+xml;base64,PHN2ZyB3aWR0aD0iMSIgaGVpZ2h0PSIxIiB4bWxucz0iaHR0cDovL3d3dy53My5vcmcvMjAwMC9zdmciPjwvc3ZnPg==\" class=\"lazyload\" style=\"--smush-placeholder-width: 1920px; --smush-placeholder-aspect-ratio: 1920\/2560;\" \/><\/div><\/div><div class=\"swiper-slide alcb__logo-item\" style=\"border: 0 solid #333333;border-radius:0px\"><div class=\"alcb__logo-image  alcb__none\"><img decoding=\"async\" data-src=\"https:\/\/oevi.dk\/badminton\/wp-content\/uploads\/2025\/09\/received_1833720770888164-1-scaled.jpeg\" alt=\"\" id=\"755\" src=\"data:image\/svg+xml;base64,PHN2ZyB3aWR0aD0iMSIgaGVpZ2h0PSIxIiB4bWxucz0iaHR0cDovL3d3dy53My5vcmcvMjAwMC9zdmciPjwvc3ZnPg==\" class=\"lazyload\" style=\"--smush-placeholder-width: 1920px; --smush-placeholder-aspect-ratio: 1920\/2560;\" \/><\/div><\/div><div class=\"swiper-slide alcb__logo-item\" style=\"border: 0 solid #333333;border-radius:0px\"><div class=\"alcb__logo-image  alcb__none\"><img decoding=\"async\" data-src=\"https:\/\/oevi.dk\/badminton\/wp-content\/uploads\/2025\/09\/received_735095356355264-scaled.jpeg\" alt=\"\" id=\"756\" src=\"data:image\/svg+xml;base64,PHN2ZyB3aWR0aD0iMSIgaGVpZ2h0PSIxIiB4bWxucz0iaHR0cDovL3d3dy53My5vcmcvMjAwMC9zdmciPjwvc3ZnPg==\" class=\"lazyload\" style=\"--smush-placeholder-width: 1920px; --smush-placeholder-aspect-ratio: 1920\/2560;\" \/><\/div><\/div><div class=\"swiper-slide alcb__logo-item\" style=\"border: 0 solid #333333;border-radius:0px\"><div class=\"alcb__logo-image  alcb__none\"><img decoding=\"async\" data-src=\"https:\/\/oevi.dk\/badminton\/wp-content\/uploads\/2025\/04\/IMG_4491-scaled.jpg\" alt=\"\" id=\"654\" src=\"data:image\/svg+xml;base64,PHN2ZyB3aWR0aD0iMSIgaGVpZ2h0PSIxIiB4bWxucz0iaHR0cDovL3d3dy53My5vcmcvMjAwMC9zdmciPjwvc3ZnPg==\" class=\"lazyload\" style=\"--smush-placeholder-width: 2560px; --smush-placeholder-aspect-ratio: 2560\/1920;\" \/><\/div><\/div><div class=\"swiper-slide alcb__logo-item\" style=\"border: 0 solid #333333;border-radius:0px\"><div class=\"alcb__logo-image  alcb__none\"><img decoding=\"async\" data-src=\"https:\/\/oevi.dk\/badminton\/wp-content\/uploads\/2025\/04\/IMG_4509-scaled-e1745920908814.jpg\" alt=\"\" id=\"655\" src=\"data:image\/svg+xml;base64,PHN2ZyB3aWR0aD0iMSIgaGVpZ2h0PSIxIiB4bWxucz0iaHR0cDovL3d3dy53My5vcmcvMjAwMC9zdmciPjwvc3ZnPg==\" class=\"lazyload\" style=\"--smush-placeholder-width: 2202px; --smush-placeholder-aspect-ratio: 2202\/1810;\" \/><\/div><\/div><div class=\"swiper-slide alcb__logo-item\" style=\"border: 0 solid #333333;border-radius:0px\"><div class=\"alcb__logo-image  alcb__none\"><img decoding=\"async\" data-src=\"https:\/\/oevi.dk\/badminton\/wp-content\/uploads\/2025\/04\/IMG_4533-scaled-e1745921109443.jpg\" alt=\"\" id=\"656\" src=\"data:image\/svg+xml;base64,PHN2ZyB3aWR0aD0iMSIgaGVpZ2h0PSIxIiB4bWxucz0iaHR0cDovL3d3dy53My5vcmcvMjAwMC9zdmciPjwvc3ZnPg==\" class=\"lazyload\" style=\"--smush-placeholder-width: 1550px; --smush-placeholder-aspect-ratio: 1550\/2044;\" \/><\/div><\/div><\/div><\/div><div class=\"alcb__pag swiper-pagination\"><\/div><div class=\"navigation\"><div class=\"alcb__prev swiper-button-prev\"><\/div><div class=\"alcb__next swiper-button-next\"><\/div><\/div><\/div>\n\n\n\n<div style=\"height:40px\" aria-hidden=\"true\" class=\"wp-block-spacer\"><\/div>\n\n\n\n<h2 class=\"wp-block-heading has-text-align-center\"><strong>St\u00f8t dem som st\u00f8tter os<\/strong><\/h2>\n\n\n\n<div class=\"wp-block-group p-0 rounded-lg shadow-md has-base-3-background-color has-background\"><div class=\"wp-block-group__inner-container is-layout-constrained wp-block-group-is-layout-constrained\">\n<div class=\"wp-block-lcb-logo-carousel alcb__68098f7b\"><div dir=\"ltr\" class=\"alcb__carousel_container swiper\" data-desktop=\"3\" data-tablet=\"2\" data-mobile=\"1\" data-autoplay=\"true\" data-autoplaydelay=\"4000\" data-autoplaydirection=\"false\" data-speed=\"300\" data-loop=\"true\" data-pauseonhover=\"true\" data-keyboard=\"false\" data-mousewheel=\"false\" data-autoheight=\"false\" data-deskspace=\"30\" data-tabspace=\"20\" data-phonespace=\"10\" data-id=\"alcb__68098f7b\" data-pagination=\"false\" data-navigation=\"false\" id=\"alcb__68098f7b\"><div class=\"swiper-wrapper\"><div class=\"swiper-slide alcb__logo-item\" style=\"border: 0 solid #333333;border-radius:0px\"><div class=\"alcb__logo-image  alcb__none\"><img decoding=\"async\" data-src=\"https:\/\/oevi.dk\/badminton\/wp-content\/uploads\/2025\/04\/Meny-logo.jpg\" alt=\"\" id=\"577\" src=\"data:image\/svg+xml;base64,PHN2ZyB3aWR0aD0iMSIgaGVpZ2h0PSIxIiB4bWxucz0iaHR0cDovL3d3dy53My5vcmcvMjAwMC9zdmciPjwvc3ZnPg==\" class=\"lazyload\" style=\"--smush-placeholder-width: 225px; --smush-placeholder-aspect-ratio: 225\/225;\" \/><\/div><\/div><div class=\"swiper-slide alcb__logo-item\" style=\"border: 0 solid #333333;border-radius:0px\"><div class=\"alcb__logo-image  alcb__none\"><img decoding=\"async\" data-src=\"https:\/\/oevi.dk\/badminton\/wp-content\/uploads\/2025\/04\/Karlsen-Byg-2024-Logo-1-jpeg.jpg\" alt=\"\" id=\"505\" src=\"data:image\/svg+xml;base64,PHN2ZyB3aWR0aD0iMSIgaGVpZ2h0PSIxIiB4bWxucz0iaHR0cDovL3d3dy53My5vcmcvMjAwMC9zdmciPjwvc3ZnPg==\" class=\"lazyload\" style=\"--smush-placeholder-width: 660px; --smush-placeholder-aspect-ratio: 660\/277;\" \/><\/div><\/div><div class=\"swiper-slide alcb__logo-item\" style=\"border: 0 solid #333333;border-radius:0px\"><div class=\"alcb__logo-image  alcb__none\"><img decoding=\"async\" data-src=\"https:\/\/oevi.dk\/badminton\/wp-content\/uploads\/2024\/12\/Hoeyrup-logo.png\" alt=\"\" id=\"397\" src=\"data:image\/svg+xml;base64,PHN2ZyB3aWR0aD0iMSIgaGVpZ2h0PSIxIiB4bWxucz0iaHR0cDovL3d3dy53My5vcmcvMjAwMC9zdmciPjwvc3ZnPg==\" class=\"lazyload\" style=\"--smush-placeholder-width: 350px; --smush-placeholder-aspect-ratio: 350\/105;\" \/><\/div><\/div><div class=\"swiper-slide alcb__logo-item\" style=\"border: 0 solid #333333;border-radius:0px\"><div class=\"alcb__logo-image  alcb__none\"><img decoding=\"async\" data-src=\"https:\/\/oevi.dk\/badminton\/wp-content\/uploads\/2025\/04\/OeVIs-venner-logo-e1745524633811.jpg\" alt=\"\" id=\"556\" src=\"data:image\/svg+xml;base64,PHN2ZyB3aWR0aD0iMSIgaGVpZ2h0PSIxIiB4bWxucz0iaHR0cDovL3d3dy53My5vcmcvMjAwMC9zdmciPjwvc3ZnPg==\" class=\"lazyload\" style=\"--smush-placeholder-width: 600px; --smush-placeholder-aspect-ratio: 600\/600;\" \/><\/div><\/div><\/div><\/div><\/div>\n<\/div><\/div>\n\n\n\n<div style=\"height:5px\" aria-hidden=\"true\" class=\"wp-block-spacer\"><\/div>\n\n\n\n<div class=\"wp-block-group p-0 rounded-lg shadow-md has-base-3-background-color has-background\"><div class=\"wp-block-group__inner-container is-layout-constrained wp-block-group-is-layout-constrained\">\n<p class=\"has-text-align-center\">Find os her:<\/p>\n\n\n\n<ul class=\"wp-block-social-links is-content-justification-center is-layout-flex wp-container-core-social-links-is-layout-16018d1d wp-block-social-links-is-layout-flex\"><li class=\"wp-social-link wp-social-link-facebook  wp-block-social-link\"><a href=\"https:\/\/www.facebook.com\/p\/%C3%98VI-Badminton-100054317270004\/\" class=\"wp-block-social-link-anchor\"><svg width=\"24\" height=\"24\" viewBox=\"0 0 24 24\" version=\"1.1\" xmlns=\"http:\/\/www.w3.org\/2000\/svg\" aria-hidden=\"true\" focusable=\"false\"><path d=\"M12 2C6.5 2 2 6.5 2 12c0 5 3.7 9.1 8.4 9.9v-7H7.9V12h2.5V9.8c0-2.5 1.5-3.9 3.8-3.9 1.1 0 2.2.2 2.2.2v2.5h-1.3c-1.2 0-1.6.8-1.6 1.6V12h2.8l-.4 2.9h-2.3v7C18.3 21.1 22 17 22 12c0-5.5-4.5-10-10-10z\"><\/path><\/svg><span class=\"wp-block-social-link-label screen-reader-text\">Facebook<\/span><\/a><\/li>\n\n<li class=\"wp-social-link wp-social-link-facebook  wp-block-social-link\"><a href=\"https:\/\/www.facebook.com\/groups\/1234069413301771\/\" class=\"wp-block-social-link-anchor\"><svg width=\"24\" height=\"24\" viewBox=\"0 0 24 24\" version=\"1.1\" xmlns=\"http:\/\/www.w3.org\/2000\/svg\" aria-hidden=\"true\" focusable=\"false\"><path d=\"M12 2C6.5 2 2 6.5 2 12c0 5 3.7 9.1 8.4 9.9v-7H7.9V12h2.5V9.8c0-2.5 1.5-3.9 3.8-3.9 1.1 0 2.2.2 2.2.2v2.5h-1.3c-1.2 0-1.6.8-1.6 1.6V12h2.8l-.4 2.9h-2.3v7C18.3 21.1 22 17 22 12c0-5.5-4.5-10-10-10z\"><\/path><\/svg><span class=\"wp-block-social-link-label screen-reader-text\">Facebook<\/span><\/a><\/li>\n\n<li class=\"wp-social-link wp-social-link-mail  wp-block-social-link\"><a href=\"mailto:ovifjerbold@outlook.dk\" class=\"wp-block-social-link-anchor\"><svg width=\"24\" height=\"24\" viewBox=\"0 0 24 24\" version=\"1.1\" xmlns=\"http:\/\/www.w3.org\/2000\/svg\" aria-hidden=\"true\" focusable=\"false\"><path d=\"M19,5H5c-1.1,0-2,.9-2,2v10c0,1.1.9,2,2,2h14c1.1,0,2-.9,2-2V7c0-1.1-.9-2-2-2zm.5,12c0,.3-.2.5-.5.5H5c-.3,0-.5-.2-.5-.5V9.8l7.5,5.6,7.5-5.6V17zm0-9.1L12,13.6,4.5,7.9V7c0-.3.2-.5.5-.5h14c.3,0,.5.2.5.5v.9z\"><\/path><\/svg><span class=\"wp-block-social-link-label screen-reader-text\">Mail<\/span><\/a><\/li><\/ul>\n<\/div><\/div>\n\n\n\n<p><\/p>\n","protected":false},"excerpt":{"rendered":"<p>Velkommen til \u00d8VI Badminton Vi tilbyder: Der er desuden mulighed for at pr\u00f8ve kr\u00e6fter med pickleball &#8211; for alle aldersgrupper. Vil man ha&#8217; sved p\u00e5 panden, kan vi anbefale en singlekamp. Derimod er en double yderst velegnet som opvarmning. Man kan enten spille det p\u00e5 de lave badminton-net eller p\u00e5 de rigtige net, som kan &#8230; <a title=\"Forside\" class=\"read-more\" href=\"https:\/\/oevi.dk\/badminton\/\" aria-label=\"Read more about Forside\">L\u00e6s mere <\/a><\/p>\n","protected":false},"author":1,"featured_media":0,"parent":0,"menu_order":0,"comment_status":"closed","ping_status":"closed","template":"","meta":{"inline_featured_image":false,"footnotes":""},"class_list":["post-8","page","type-page","status-publish"],"_links":{"self":[{"href":"https:\/\/oevi.dk\/badminton\/wp-json\/wp\/v2\/pages\/8","targetHints":{"allow":["GET"]}}],"collection":[{"href":"https:\/\/oevi.dk\/badminton\/wp-json\/wp\/v2\/pages"}],"about":[{"href":"https:\/\/oevi.dk\/badminton\/wp-json\/wp\/v2\/types\/page"}],"author":[{"embeddable":true,"href":"https:\/\/oevi.dk\/badminton\/wp-json\/wp\/v2\/users\/1"}],"replies":[{"embeddable":true,"href":"https:\/\/oevi.dk\/badminton\/wp-json\/wp\/v2\/comments?post=8"}],"version-history":[{"count":126,"href":"https:\/\/oevi.dk\/badminton\/wp-json\/wp\/v2\/pages\/8\/revisions"}],"predecessor-version":[{"id":760,"href":"https:\/\/oevi.dk\/badminton\/wp-json\/wp\/v2\/pages\/8\/revisions\/760"}],"wp:attachment":[{"href":"https:\/\/oevi.dk\/badminton\/wp-json\/wp\/v2\/media?parent=8"}],"curies":[{"name":"wp","href":"https:\/\/api.w.org\/{rel}","templated":true}]}}