{"id":8,"date":"2024-10-11T10:37:59","date_gmt":"2024-10-11T08:37:59","guid":{"rendered":"http:\/\/oevi.dk\/motionscenter\/?page_id=8"},"modified":"2026-02-26T11:56:10","modified_gmt":"2026-02-26T10:56:10","slug":"forside","status":"publish","type":"page","link":"https:\/\/oevi.dk\/motionscenter\/","title":{"rendered":"Velkommen mandag til torsdag kl. 18.30.19.30 for indmeldelse."},"content":{"rendered":"<div class=\"wp-block-image hero-image\">\n<figure class=\"aligncenter size-full\"><img decoding=\"async\" width=\"2560\" height=\"1920\" data-src=\"https:\/\/oevi.dk\/motionscenter\/wp-content\/uploads\/2024\/10\/motionscenter-hero-scaled.jpg\" alt=\"\" class=\"wp-image-34 lazyload\" data-srcset=\"https:\/\/oevi.dk\/motionscenter\/wp-content\/uploads\/2024\/10\/motionscenter-hero-scaled.jpg 2560w, https:\/\/oevi.dk\/motionscenter\/wp-content\/uploads\/2024\/10\/motionscenter-hero-300x225.jpg 300w, https:\/\/oevi.dk\/motionscenter\/wp-content\/uploads\/2024\/10\/motionscenter-hero-1024x768.jpg 1024w, https:\/\/oevi.dk\/motionscenter\/wp-content\/uploads\/2024\/10\/motionscenter-hero-768x576.jpg 768w, https:\/\/oevi.dk\/motionscenter\/wp-content\/uploads\/2024\/10\/motionscenter-hero-1536x1152.jpg 1536w, https:\/\/oevi.dk\/motionscenter\/wp-content\/uploads\/2024\/10\/motionscenter-hero-2048x1536.jpg 2048w\" data-sizes=\"(max-width: 2560px) 100vw, 2560px\" src=\"data:image\/svg+xml;base64,PHN2ZyB3aWR0aD0iMSIgaGVpZ2h0PSIxIiB4bWxucz0iaHR0cDovL3d3dy53My5vcmcvMjAwMC9zdmciPjwvc3ZnPg==\" style=\"--smush-placeholder-width: 2560px; --smush-placeholder-aspect-ratio: 2560\/1920;\" \/><\/figure>\n<\/div>\n\n\n<div style=\"height:40px\" aria-hidden=\"true\" class=\"wp-block-spacer\"><\/div>\n\n\n\n<div class=\"wp-block-group group-padding-small has-base-2-color has-contrast-2-background-color has-text-color has-background has-link-color wp-elements-a6efaa8b5e875d95358d3bd2e8fc8f3d\"><div class=\"wp-block-group__inner-container is-layout-constrained wp-block-group-is-layout-constrained\">\n<h4 class=\"wp-block-heading has-text-align-center mb-0\"><strong>\u00c5bent alle dage fra 04.30 &#8211; 23.00<\/strong><\/h4>\n<\/div><\/div>\n\n\n\n<h2 class=\"wp-block-heading has-text-align-center d-none\">VELKOMMEN<\/h2>\n\n\n\n<section class=\"wp-block-group group-padding-small d-none has-base-3-background-color has-background\"><div class=\"wp-block-group__inner-container is-layout-constrained wp-block-group-is-layout-constrained\">\n<div class=\"wp-block-lcb-logo-carousel alcb__7f7cd862\"><div dir=\"ltr\" class=\"alcb__carousel_container swiper\" data-desktop=\"4\" data-tablet=\"2\" data-mobile=\"1\" data-autoplay=\"true\" data-autoplaydelay=\"2000\" data-autoplaydirection=\"false\" data-speed=\"400\" data-loop=\"true\" data-pauseonhover=\"false\" data-keyboard=\"false\" data-mousewheel=\"false\" data-autoheight=\"false\" data-deskspace=\"30\" data-tabspace=\"20\" data-phonespace=\"10\" data-id=\"alcb__7f7cd862\" data-pagination=\"false\" data-navigation=\"false\" id=\"alcb__7f7cd862\"><div class=\"swiper-wrapper\"><div class=\"swiper-slide alcb__logo-item\" style=\"border: 0 solid #333333;border-radius:0px\"><div class=\"alcb__logo-image  alcb__none\"><img decoding=\"async\" data-src=\"https:\/\/oevi.dk\/motionscenter\/wp-content\/uploads\/2024\/10\/oevi__logo.svg\" alt=\"\" id=\"17\" src=\"data:image\/svg+xml;base64,PHN2ZyB3aWR0aD0iMSIgaGVpZ2h0PSIxIiB4bWxucz0iaHR0cDovL3d3dy53My5vcmcvMjAwMC9zdmciPjwvc3ZnPg==\" class=\"lazyload\" \/><\/div><\/div><div class=\"swiper-slide alcb__logo-item\" style=\"border: 0 solid #333333;border-radius:0px\"><div class=\"alcb__logo-image  alcb__none\"><img decoding=\"async\" data-src=\"https:\/\/oevi.dk\/motionscenter\/wp-content\/uploads\/2024\/10\/motionscenter-hero-scaled.jpg\" alt=\"\" id=\"34\" src=\"data:image\/svg+xml;base64,PHN2ZyB3aWR0aD0iMSIgaGVpZ2h0PSIxIiB4bWxucz0iaHR0cDovL3d3dy53My5vcmcvMjAwMC9zdmciPjwvc3ZnPg==\" class=\"lazyload\" style=\"--smush-placeholder-width: 2560px; --smush-placeholder-aspect-ratio: 2560\/1920;\" \/><\/div><\/div><\/div><\/div><\/div>\n<\/div><\/section>\n\n\n\n<div style=\"height:40px\" aria-hidden=\"true\" class=\"wp-block-spacer\"><\/div>\n\n\n\n<div class=\"wp-block-group gap-10 is-content-justification-space-between is-nowrap is-layout-flex wp-container-core-group-is-layout-0dfbf163 wp-block-group-is-layout-flex\">\n<div class=\"wp-block-group p-0 rounded-lg shadow-md has-base-3-background-color has-background wp-container-content-9cfa9a5a\"><div class=\"wp-block-group__inner-container is-layout-constrained wp-block-group-is-layout-constrained\"><div class=\"wp-block-image is-style-rounded\">\n<figure class=\"aligncenter size-full is-resized\"><img decoding=\"async\" width=\"929\" height=\"500\" data-src=\"https:\/\/oevi.dk\/motionscenter\/wp-content\/uploads\/2024\/10\/OeVImotion-bodybike-1200x500-1.jpg\" alt=\"\" class=\"wp-image-144 lazyload\" style=\"--smush-placeholder-width: 929px; --smush-placeholder-aspect-ratio: 929\/500;aspect-ratio:1;object-fit:cover;width:200px;height:auto\" data-srcset=\"https:\/\/oevi.dk\/motionscenter\/wp-content\/uploads\/2024\/10\/OeVImotion-bodybike-1200x500-1.jpg 929w, https:\/\/oevi.dk\/motionscenter\/wp-content\/uploads\/2024\/10\/OeVImotion-bodybike-1200x500-1-300x161.jpg 300w, https:\/\/oevi.dk\/motionscenter\/wp-content\/uploads\/2024\/10\/OeVImotion-bodybike-1200x500-1-768x413.jpg 768w\" data-sizes=\"(max-width: 929px) 100vw, 929px\" src=\"data:image\/svg+xml;base64,PHN2ZyB3aWR0aD0iMSIgaGVpZ2h0PSIxIiB4bWxucz0iaHR0cDovL3d3dy53My5vcmcvMjAwMC9zdmciPjwvc3ZnPg==\" \/><\/figure>\n<\/div>\n\n\n<h4 class=\"wp-block-heading has-text-align-center mb-4 mt-5\"><strong>BODY BIKE<\/strong><\/h4>\n\n\n\n<p class=\"has-text-align-center mb-0\">4-5 hold om ugen for b\u00e5de begynder og tr\u00e6nede.<\/p>\n\n\n\n<div style=\"height:15px\" aria-hidden=\"true\" class=\"wp-block-spacer\"><\/div>\n\n\n\n<div class=\"wp-block-buttons is-content-justification-center is-layout-flex wp-container-core-buttons-is-layout-d9cd0f1e wp-block-buttons-is-layout-flex\">\n<div class=\"wp-block-button\"><a class=\"wp-block-button__link wp-element-button\" href=\"https:\/\/oevi.dk\/motionscenter\/body-bike\/\">L\u00e6s mere<\/a><\/div>\n<\/div>\n<\/div><\/div>\n\n\n\n<div class=\"wp-block-group p-0 rounded-lg shadow-md has-base-3-background-color has-background wp-container-content-9cfa9a5a\"><div class=\"wp-block-group__inner-container is-layout-constrained wp-block-group-is-layout-constrained\"><div class=\"wp-block-image is-style-rounded\">\n<figure class=\"aligncenter size-full is-resized\"><img decoding=\"async\" width=\"740\" height=\"500\" data-src=\"https:\/\/oevi.dk\/motionscenter\/wp-content\/uploads\/2024\/10\/crossfit4-1200x500-1.jpg\" alt=\"\" class=\"wp-image-142 lazyload\" style=\"--smush-placeholder-width: 740px; --smush-placeholder-aspect-ratio: 740\/500;aspect-ratio:1;object-fit:cover;width:200px;height:auto\" data-srcset=\"https:\/\/oevi.dk\/motionscenter\/wp-content\/uploads\/2024\/10\/crossfit4-1200x500-1.jpg 740w, https:\/\/oevi.dk\/motionscenter\/wp-content\/uploads\/2024\/10\/crossfit4-1200x500-1-300x203.jpg 300w\" data-sizes=\"(max-width: 740px) 100vw, 740px\" src=\"data:image\/svg+xml;base64,PHN2ZyB3aWR0aD0iMSIgaGVpZ2h0PSIxIiB4bWxucz0iaHR0cDovL3d3dy53My5vcmcvMjAwMC9zdmciPjwvc3ZnPg==\" \/><\/figure>\n<\/div>\n\n\n<h4 class=\"wp-block-heading has-text-align-center mb-4 mt-5\"><strong>STYRKETR\u00c6NING<\/strong><\/h4>\n\n\n\n<p class=\"has-text-align-center mb-0\">Professionelle tr\u00e6ningsfaciliteter og sparring.<\/p>\n\n\n\n<div style=\"height:15px\" aria-hidden=\"true\" class=\"wp-block-spacer\"><\/div>\n\n\n\n<div class=\"wp-block-buttons is-content-justification-center is-layout-flex wp-container-core-buttons-is-layout-d9cd0f1e wp-block-buttons-is-layout-flex\">\n<div class=\"wp-block-button\"><a class=\"wp-block-button__link wp-element-button\" href=\"https:\/\/oevi.dk\/motionscenter\/styrketraening\/\">L\u00e6s mere<\/a><\/div>\n<\/div>\n<\/div><\/div>\n\n\n\n<div class=\"wp-block-group p-0 rounded-lg shadow-md has-base-3-background-color has-background wp-container-content-9cfa9a5a\"><div class=\"wp-block-group__inner-container is-layout-constrained wp-block-group-is-layout-constrained\"><div class=\"wp-block-image is-style-rounded\">\n<figure class=\"aligncenter size-full is-resized\"><img decoding=\"async\" width=\"881\" height=\"500\" data-src=\"https:\/\/oevi.dk\/motionscenter\/wp-content\/uploads\/2024\/10\/crossfit7-1-1200x500-1.jpg\" alt=\"\" class=\"wp-image-145 lazyload\" style=\"--smush-placeholder-width: 881px; --smush-placeholder-aspect-ratio: 881\/500;aspect-ratio:1;object-fit:cover;width:200px;height:auto\" data-srcset=\"https:\/\/oevi.dk\/motionscenter\/wp-content\/uploads\/2024\/10\/crossfit7-1-1200x500-1.jpg 881w, https:\/\/oevi.dk\/motionscenter\/wp-content\/uploads\/2024\/10\/crossfit7-1-1200x500-1-300x170.jpg 300w, https:\/\/oevi.dk\/motionscenter\/wp-content\/uploads\/2024\/10\/crossfit7-1-1200x500-1-768x436.jpg 768w\" data-sizes=\"(max-width: 881px) 100vw, 881px\" src=\"data:image\/svg+xml;base64,PHN2ZyB3aWR0aD0iMSIgaGVpZ2h0PSIxIiB4bWxucz0iaHR0cDovL3d3dy53My5vcmcvMjAwMC9zdmciPjwvc3ZnPg==\" \/><\/figure>\n<\/div>\n\n\n<h4 class=\"wp-block-heading has-text-align-center mb-4 mt-5\"><strong>MOTION<\/strong><\/h4>\n\n\n\n<p class=\"has-text-align-center mb-0\">Masser af motionsmaskiner og l\u00f8beb\u00e5nd.<\/p>\n\n\n\n<div style=\"height:15px\" aria-hidden=\"true\" class=\"wp-block-spacer\"><\/div>\n\n\n\n<div class=\"wp-block-buttons is-content-justification-center is-layout-flex wp-container-core-buttons-is-layout-d9cd0f1e wp-block-buttons-is-layout-flex\">\n<div class=\"wp-block-button\"><a class=\"wp-block-button__link wp-element-button\" href=\"https:\/\/oevi.dk\/motionscenter\/motion\/\">L\u00e6s mere<\/a><\/div>\n<\/div>\n<\/div><\/div>\n<\/div>\n\n\n\n<p><\/p>\n","protected":false},"excerpt":{"rendered":"<p>\u00c5bent alle dage fra 04.30 &#8211; 23.00 VELKOMMEN BODY BIKE 4-5 hold om ugen for b\u00e5de begynder og tr\u00e6nede. STYRKETR\u00c6NING Professionelle tr\u00e6ningsfaciliteter og sparring. MOTION Masser af motionsmaskiner og l\u00f8beb\u00e5nd.<\/p>\n","protected":false},"author":1,"featured_media":0,"parent":0,"menu_order":0,"comment_status":"closed","ping_status":"closed","template":"","meta":{"inline_featured_image":false,"footnotes":""},"class_list":["post-8","page","type-page","status-publish"],"_links":{"self":[{"href":"https:\/\/oevi.dk\/motionscenter\/wp-json\/wp\/v2\/pages\/8","targetHints":{"allow":["GET"]}}],"collection":[{"href":"https:\/\/oevi.dk\/motionscenter\/wp-json\/wp\/v2\/pages"}],"about":[{"href":"https:\/\/oevi.dk\/motionscenter\/wp-json\/wp\/v2\/types\/page"}],"author":[{"embeddable":true,"href":"https:\/\/oevi.dk\/motionscenter\/wp-json\/wp\/v2\/users\/1"}],"replies":[{"embeddable":true,"href":"https:\/\/oevi.dk\/motionscenter\/wp-json\/wp\/v2\/comments?post=8"}],"version-history":[{"count":62,"href":"https:\/\/oevi.dk\/motionscenter\/wp-json\/wp\/v2\/pages\/8\/revisions"}],"predecessor-version":[{"id":442,"href":"https:\/\/oevi.dk\/motionscenter\/wp-json\/wp\/v2\/pages\/8\/revisions\/442"}],"wp:attachment":[{"href":"https:\/\/oevi.dk\/motionscenter\/wp-json\/wp\/v2\/media?parent=8"}],"curies":[{"name":"wp","href":"https:\/\/api.w.org\/{rel}","templated":true}]}}